
{"id":148,"date":"2019-09-12T15:53:54","date_gmt":"2019-09-12T13:53:54","guid":{"rendered":"https:\/\/clubhipico.cl\/carreras\/?page_id=148"},"modified":"2021-07-16T19:27:51","modified_gmt":"2021-07-16T17:27:51","slug":"perfil-fina-sangre","status":"publish","type":"page","link":"https:\/\/staging.clubhipico.web.innovaweb.cl\/carreras\/perfil-fina-sangre\/","title":{"rendered":"Perfil Fina Sangre"},"content":{"rendered":"","protected":false},"excerpt":{"rendered":"","protected":false},"author":1,"featured_media":0,"parent":0,"menu_order":0,"comment_status":"closed","ping_status":"closed","template":"carreras\/page-service-perfil-fina-sangre.php","meta":{"_acf_changed":false,"footnotes":""},"class_list":["post-148","page","type-page","status-publish","hentry"],"acf":[],"yoast_head":"<!-- This site is optimized with the Yoast SEO Premium plugin v19.0.1 (Yoast SEO v19.4) - https:\/\/yoast.com\/wordpress\/plugins\/seo\/ -->\n<title>Perfil Fina Sangre - Club H\u00edpico de Santiago - Club H\u00edpico de Santiago<\/title>\n<meta name=\"description\" content=\"Revisa toda la informaci\u00f3n de tus Fina Sangre favoritos para que tengas toda la informaci\u00f3n de carreras en Club H\u00edpico de Santiago.\" \/>\n<meta name=\"robots\" content=\"index, follow, max-snippet:-1, max-image-preview:large, max-video-preview:-1\" \/>\n<link rel=\"canonical\" href=\"https:\/\/www.clubhipico.cl\/carreras\/perfil-fina-sangre\/\" \/>\n<meta property=\"og:locale\" content=\"es_ES\" \/>\n<meta property=\"og:type\" content=\"article\" \/>\n<meta property=\"og:title\" content=\"Perfil Fina Sangre\" \/>\n<meta property=\"og:description\" content=\"Revisa la informaci\u00f3n completa de cada ejemplar de carreras de nuestro pa\u00eds.\" \/>\n<meta property=\"og:url\" content=\"https:\/\/www.clubhipico.cl\/carreras\/perfil-fina-sangre\/\" \/>\n<meta property=\"og:site_name\" content=\"Club H\u00edpico de Santiago\" \/>\n<meta property=\"article:publisher\" content=\"https:\/\/www.facebook.com\/ClubHipicoSantiago\" \/>\n<meta property=\"article:modified_time\" content=\"2021-07-16T17:27:51+00:00\" \/>\n<meta property=\"og:image\" content=\"https:\/\/www.clubhipico.cl\/carreras\/wp-content\/uploads\/sites\/3\/2021\/07\/Ensayo-1990_4-scaled.jpg\" \/>\n\t<meta property=\"og:image:width\" content=\"2048\" \/>\n\t<meta property=\"og:image:height\" content=\"1372\" \/>\n\t<meta property=\"og:image:type\" content=\"image\/jpeg\" \/>\n<meta name=\"twitter:card\" content=\"summary_large_image\" \/>\n<meta name=\"twitter:title\" content=\"Perfil Fina Sangre\" \/>\n<meta name=\"twitter:description\" content=\"Revisa la informaci\u00f3n completa de cada ejemplar de carreras de nuestro pa\u00eds.\" \/>\n<meta name=\"twitter:image\" content=\"https:\/\/static.clubhipico.cl\/wordpress-media\/sites\/3\/2021\/07\/Ensayo-1990_4-scaled.jpg\" \/>\n<meta name=\"twitter:site\" content=\"@ClubHipico_Stgo\" \/>\n<script type=\"application\/ld+json\" class=\"yoast-schema-graph\">{\"@context\":\"https:\/\/schema.org\",\"@graph\":[{\"@type\":\"Organization\",\"@id\":\"https:\/\/www.clubhipico.cl\/carreras\/#organization\",\"name\":\"Club Hipico de Santiago\",\"url\":\"https:\/\/www.clubhipico.cl\/carreras\/\",\"sameAs\":[\"https:\/\/www.instagram.com\/clubhipico_stgo\/\",\"https:\/\/www.youtube.com\/user\/ClubHipicoSantiago\",\"https:\/\/www.linkedin.com\/company\/16160230\/admin\/\",\"https:\/\/www.facebook.com\/ClubHipicoSantiago\",\"https:\/\/twitter.com\/ClubHipico_Stgo\"],\"logo\":{\"@type\":\"ImageObject\",\"inLanguage\":\"es\",\"@id\":\"https:\/\/www.clubhipico.cl\/carreras\/#\/schema\/logo\/image\/\",\"url\":\"https:\/\/www.clubhipico.cl\/carreras\/wp-content\/uploads\/sites\/3\/2022\/08\/LOGO-VERTICAL-VERDE.jpg\",\"contentUrl\":\"https:\/\/www.clubhipico.cl\/carreras\/wp-content\/uploads\/sites\/3\/2022\/08\/LOGO-VERTICAL-VERDE.jpg\",\"width\":857,\"height\":597,\"caption\":\"Club Hipico de Santiago\"},\"image\":{\"@id\":\"https:\/\/www.clubhipico.cl\/carreras\/#\/schema\/logo\/image\/\"}},{\"@type\":\"WebSite\",\"@id\":\"https:\/\/www.clubhipico.cl\/carreras\/#website\",\"url\":\"https:\/\/www.clubhipico.cl\/carreras\/\",\"name\":\"Club H\u00edpico de Santiago\",\"description\":\"Otro sitio m\u00e1s de CHS sitios\",\"publisher\":{\"@id\":\"https:\/\/www.clubhipico.cl\/carreras\/#organization\"},\"potentialAction\":[{\"@type\":\"SearchAction\",\"target\":{\"@type\":\"EntryPoint\",\"urlTemplate\":\"https:\/\/www.clubhipico.cl\/carreras\/?s={search_term_string}\"},\"query-input\":\"required name=search_term_string\"}],\"inLanguage\":\"es\"},{\"@type\":\"WebPage\",\"@id\":\"https:\/\/www.clubhipico.cl\/carreras\/perfil-fina-sangre\/\",\"url\":\"https:\/\/www.clubhipico.cl\/carreras\/perfil-fina-sangre\/\",\"name\":\"Perfil Fina Sangre - Club H\u00edpico de Santiago - Club H\u00edpico de Santiago\",\"isPartOf\":{\"@id\":\"https:\/\/www.clubhipico.cl\/carreras\/#website\"},\"datePublished\":\"2019-09-12T13:53:54+00:00\",\"dateModified\":\"2021-07-16T17:27:51+00:00\",\"description\":\"Revisa toda la informaci\u00f3n de tus Fina Sangre favoritos para que tengas toda la informaci\u00f3n de carreras en Club H\u00edpico de Santiago.\",\"breadcrumb\":{\"@id\":\"https:\/\/www.clubhipico.cl\/carreras\/perfil-fina-sangre\/#breadcrumb\"},\"inLanguage\":\"es\",\"potentialAction\":[{\"@type\":\"ReadAction\",\"target\":[\"https:\/\/www.clubhipico.cl\/carreras\/perfil-fina-sangre\/\"]}]},{\"@type\":\"BreadcrumbList\",\"@id\":\"https:\/\/www.clubhipico.cl\/carreras\/perfil-fina-sangre\/#breadcrumb\",\"itemListElement\":[{\"@type\":\"ListItem\",\"position\":1,\"name\":\"Perfil Fina Sangre\"}]}]}<\/script>\n<!-- \/ Yoast SEO Premium plugin. -->","yoast_head_json":{"title":"Perfil Fina Sangre - Club H\u00edpico de Santiago - Club H\u00edpico de Santiago","description":"Revisa toda la informaci\u00f3n de tus Fina Sangre favoritos para que tengas toda la informaci\u00f3n de carreras en Club H\u00edpico de Santiago.","robots":{"index":"index","follow":"follow","max-snippet":"max-snippet:-1","max-image-preview":"max-image-preview:large","max-video-preview":"max-video-preview:-1"},"canonical":"https:\/\/www.clubhipico.cl\/carreras\/perfil-fina-sangre\/","og_locale":"es_ES","og_type":"article","og_title":"Perfil Fina Sangre","og_description":"Revisa la informaci\u00f3n completa de cada ejemplar de carreras de nuestro pa\u00eds.","og_url":"https:\/\/www.clubhipico.cl\/carreras\/perfil-fina-sangre\/","og_site_name":"Club H\u00edpico de Santiago","article_publisher":"https:\/\/www.facebook.com\/ClubHipicoSantiago","article_modified_time":"2021-07-16T17:27:51+00:00","og_image":[{"width":2048,"height":1372,"url":"https:\/\/www.clubhipico.cl\/carreras\/wp-content\/uploads\/sites\/3\/2021\/07\/Ensayo-1990_4-scaled.jpg","type":"image\/jpeg"}],"twitter_card":"summary_large_image","twitter_title":"Perfil Fina Sangre","twitter_description":"Revisa la informaci\u00f3n completa de cada ejemplar de carreras de nuestro pa\u00eds.","twitter_image":"https:\/\/static.clubhipico.cl\/wordpress-media\/sites\/3\/2021\/07\/Ensayo-1990_4-scaled.jpg","twitter_site":"@ClubHipico_Stgo","schema":{"@context":"https:\/\/schema.org","@graph":[{"@type":"Organization","@id":"https:\/\/www.clubhipico.cl\/carreras\/#organization","name":"Club Hipico de Santiago","url":"https:\/\/www.clubhipico.cl\/carreras\/","sameAs":["https:\/\/www.instagram.com\/clubhipico_stgo\/","https:\/\/www.youtube.com\/user\/ClubHipicoSantiago","https:\/\/www.linkedin.com\/company\/16160230\/admin\/","https:\/\/www.facebook.com\/ClubHipicoSantiago","https:\/\/twitter.com\/ClubHipico_Stgo"],"logo":{"@type":"ImageObject","inLanguage":"es","@id":"https:\/\/www.clubhipico.cl\/carreras\/#\/schema\/logo\/image\/","url":"https:\/\/www.clubhipico.cl\/carreras\/wp-content\/uploads\/sites\/3\/2022\/08\/LOGO-VERTICAL-VERDE.jpg","contentUrl":"https:\/\/www.clubhipico.cl\/carreras\/wp-content\/uploads\/sites\/3\/2022\/08\/LOGO-VERTICAL-VERDE.jpg","width":857,"height":597,"caption":"Club Hipico de Santiago"},"image":{"@id":"https:\/\/www.clubhipico.cl\/carreras\/#\/schema\/logo\/image\/"}},{"@type":"WebSite","@id":"https:\/\/www.clubhipico.cl\/carreras\/#website","url":"https:\/\/www.clubhipico.cl\/carreras\/","name":"Club H\u00edpico de Santiago","description":"Otro sitio m\u00e1s de CHS sitios","publisher":{"@id":"https:\/\/www.clubhipico.cl\/carreras\/#organization"},"potentialAction":[{"@type":"SearchAction","target":{"@type":"EntryPoint","urlTemplate":"https:\/\/www.clubhipico.cl\/carreras\/?s={search_term_string}"},"query-input":"required name=search_term_string"}],"inLanguage":"es"},{"@type":"WebPage","@id":"https:\/\/www.clubhipico.cl\/carreras\/perfil-fina-sangre\/","url":"https:\/\/www.clubhipico.cl\/carreras\/perfil-fina-sangre\/","name":"Perfil Fina Sangre - Club H\u00edpico de Santiago - Club H\u00edpico de Santiago","isPartOf":{"@id":"https:\/\/www.clubhipico.cl\/carreras\/#website"},"datePublished":"2019-09-12T13:53:54+00:00","dateModified":"2021-07-16T17:27:51+00:00","description":"Revisa toda la informaci\u00f3n de tus Fina Sangre favoritos para que tengas toda la informaci\u00f3n de carreras en Club H\u00edpico de Santiago.","breadcrumb":{"@id":"https:\/\/www.clubhipico.cl\/carreras\/perfil-fina-sangre\/#breadcrumb"},"inLanguage":"es","potentialAction":[{"@type":"ReadAction","target":["https:\/\/www.clubhipico.cl\/carreras\/perfil-fina-sangre\/"]}]},{"@type":"BreadcrumbList","@id":"https:\/\/www.clubhipico.cl\/carreras\/perfil-fina-sangre\/#breadcrumb","itemListElement":[{"@type":"ListItem","position":1,"name":"Perfil Fina Sangre"}]}]}},"_links":{"self":[{"href":"https:\/\/staging.clubhipico.web.innovaweb.cl\/carreras\/wp-json\/wp\/v2\/pages\/148","targetHints":{"allow":["GET"]}}],"collection":[{"href":"https:\/\/staging.clubhipico.web.innovaweb.cl\/carreras\/wp-json\/wp\/v2\/pages"}],"about":[{"href":"https:\/\/staging.clubhipico.web.innovaweb.cl\/carreras\/wp-json\/wp\/v2\/types\/page"}],"author":[{"embeddable":true,"href":"https:\/\/staging.clubhipico.web.innovaweb.cl\/carreras\/wp-json\/wp\/v2\/users\/1"}],"replies":[{"embeddable":true,"href":"https:\/\/staging.clubhipico.web.innovaweb.cl\/carreras\/wp-json\/wp\/v2\/comments?post=148"}],"version-history":[{"count":1,"href":"https:\/\/staging.clubhipico.web.innovaweb.cl\/carreras\/wp-json\/wp\/v2\/pages\/148\/revisions"}],"predecessor-version":[{"id":2667,"href":"https:\/\/staging.clubhipico.web.innovaweb.cl\/carreras\/wp-json\/wp\/v2\/pages\/148\/revisions\/2667"}],"wp:attachment":[{"href":"https:\/\/staging.clubhipico.web.innovaweb.cl\/carreras\/wp-json\/wp\/v2\/media?parent=148"}],"curies":[{"name":"wp","href":"https:\/\/api.w.org\/{rel}","templated":true}]}}